 389
Suppose 465 = 5*f - 3*h, 185 = 2*f + 6*h - 7*h. What are the prime factors of ((f/7)/(-3))/(26/(-1820))?
2, 3, 5
Suppose 5*z = -1011 + 2686. What are the prime factors of z?
5, 67
Suppose -36 = -13*a + 11*a. Let r = a + -16. Suppose r*q = 7*q - 165. List the prime factors of q.
3, 11
Suppose -5*l - 15 = -5*m, 5 = -3*l + 14. Suppose -2*k = -m*k + 60. What are the prime factors of k?
3, 5
Suppose 2*a - 35 = 7*a. Let n be (a + 2)/((-2)/4). Suppose -n = -2*d + 4*p + 18, 4*p - 16 = 0. List the prime factors of d.
2, 11
Suppose 4*b + 11*b = 1215. What are the prime factors of b?
3
Suppose -9*j + 8905 = -1229. What are the prime factors of j?
2, 563
Let c be 1/(2/4)*1. Suppose o + 0*g - 102 = c*g, 8 = 4*g. Suppose 4*k - 110 = o. What are the prime factors of k?
2, 3
Let f(v) = v**3 - v**2 + 4*v - 2. Let i be f(3). Suppose b - i = -b. Suppose -y = y - b. List the prime factors of y.
7
Suppose 1539 = 23*p - 70336. What are the prime factors of p?
5
Let t(f) = f**3 + 3*f**2 - f - 5. Let n be t(-3). Let h = n - -64. List the prime factors of h.
2, 31
Let r = -113 - -140. What are the prime factors of r?
3
Suppose 2*d - 4*d = -192. Suppose d = 2*a - 36. List the prime factors of a.
2, 3, 11
Let b = 24 + -21. Suppose -8*z = -b*z - 315. List the prime factors of z.
3, 7
Let d(a) = a**2 - a + 1. Let i be d(1). Let f = i + -5. What are the prime factors of -7*f/7*6?
2, 3
Let p(m) = -m + 8. Let j be p(0). Suppose -j*s + 4*s = 0. Suppose -3*h + h + 50 = s. What are the prime factors of h?
5
Let n = 227 - 72. What are the prime factors of n?
5, 31
Suppose 7*p - 8*p = 1. Let y(l) = -24*l + 1. What are the prime factors of y(p)?
5
Let u(d) = d**2. Let j be u(5). List the prime factors of 118*(-2 + j/10).
59
Let g(f) = -3594*f + 61. List the prime factors of g(-1).
5, 17, 43
Suppose 3*o - 12 = v, 0*o + 1 = -o. Let s(g) = -g**2 - 6*g + 2. Let m be s(4). Let u = v - m. List the prime factors of u.
23
Let i = 1127 + -570. Let l = i + -365. List the prime factors of l.
2, 3
Let h(s) = 2*s**2 - 5*s - 2. Let n(r) = -r**3 + 3*r**2 + 4*r - 1. Let b be n(3). Let a = -6 + b. List the prime factors of h(a).
23
What are the prime factors of 465/2*630/525?
3, 31
Suppose 7*g - 6 = 4*g. Suppose -84 = -o - g*o. What are the prime factors of -2 + -1 - o/(-1)?
5
Suppose -40425 = 6*f - f - 5*w, f + 8085 = 3*w. What are the prime factors of (1 - 10/6)/(49/f)?
2, 5, 11
Suppose 5*z + v = 25, -3*z + 7 = -2*v + v. What are the prime factors of -4 + (-4 - -7)*z?
2
Let r = -6 - -17. Let n(t) = t**3 - 10*t**2 - 11*t + 4. Let q be n(r). What are the prime factors of q/(-26) + 756/13?
2, 29
Let g(o) = o**3 + 8*o**2 - 3*o - 5. Let n(t) = -2*t**3 + 6*t**2 - t - 4. Let j be n(3). What are the prime factors of g(j)?
5, 13
Let p(c) = -c**2 - 11*c - 6. Let t be p(-9). Suppose -t*d + 220 = -308. List the prime factors of d.
2, 11
Let o = -1 + 3. Let w(k) be the third derivative of 7*k**4/24 + k**3/2 + 33*k**2 + 1. List the prime factors of w(o).
17
Suppose -3912 = -8*i + 1424. List the prime factors of i.
23, 29
Let h = 667 - 272. List the prime factors of h.
5, 79
Let b be (-38)/(-5) - 6/(-15). Suppose 2*t = -3*d - 26, -b = 3*d + 5*t + 30. What are the prime factors of ((-20)/d)/((-14)/(-63))?
3, 5
Suppose -5*u = -5*j - 300, 0 = 4*j - 4*u + 9*u + 276. Let y = j + 93. What are the prime factors of y?
29
Suppose 0*a = a + 2. Let n = 154 + a. List the prime factors of n/20 - (-2)/5.
2
Let p(w) = w**3 - 16*w**2 - 15*w. Let z(a) = -5*a + 2. Let o be z(-3). List the prime factors of p(o).
2, 17
Let z be (-1)/((1/(-5))/(3 - 2)). Suppose 69 = z*f - 501. List the prime factors of f.
2, 3, 19
Suppose -2*z + 588 = -0*z. What are the prime factors of z?
2, 3, 7
Suppose -25*x + 2*x + 19458 = 0. List the prime factors of x.
2, 3, 47
Suppose 392*p - 388*p - 12148 = 0. List the prime factors of p.
3037
Let a be 234/8 - 3/12. Suppose -a = -2*z + 45. Suppose 3*m = 4*m - z. List the prime factors of m.
37
Suppose 7*u = -5*u + 3588. What are the prime factors of u?
13, 23
Let y be (0 + 1)/((-9)/45). Let o(s) = -s**3 - 4*s**2 - 2. What are the prime factors of o(y)?
23
Let d(k) be the second derivative of k**5/20 + k**4/4 + k**2/2 - 2*k. Let g be d(-4). Let t = 33 + g. List the prime factors of t.
2, 3
Let z = -3 + 8. Suppose 2*n - 12 = -j - 0*j, z*n - 24 = -j. Suppose t + 99 = n*t. What are the prime factors of t?
3, 11
Suppose h - 820 - 1307 = 0. List the prime factors of h.
3, 709
Suppose 28*j + 3 = r + 27*j, -5*r = -4*j - 17. What are the prime factors of r?
5
Suppose -7 = -2*j - 5*t, -11 = -j - 4*t - t. Let a(h) = 10*h + 13. Let s(d) = 5*d + 6. Let m(l) = 2*a(l) - 5*s(l). What are the prime factors of m(j)?
2
Let f(l) be the second derivative of -l**4/6 + 3*l**2/2 - 3*l. Let c(y) = -3*y**2 + y + 4. Let u(i) = -5*c(i) + 6*f(i). What are the prime factors of u(3)?
2, 5
Let d(c) = -9*c - 9. Let i be d(-3). Let v = i - 16. Suppose -p + 210 = v*p. List the prime factors of p.
2, 5, 7
Suppose 0 = -3*f + 2*f. Suppose 3*z = 4*w - 71, f = -3*w + 4*z + 20 + 35. List the prime factors of w.
17
Let l(s) = s**3 + 2*s**2 - 5*s - 2. Let i be l(-3). Suppose v = -i*h - 4*v + 293, -h = -v - 71. List the prime factors of h.
2, 3
Let m = -48 + 40. Let z(f) = -12*f + 35. What are the prime factors of z(m)?
131
Let f be 10/(((-2)/(-4))/((-1)/(-4))). Suppose -f*n - 366 = -2*z - 2*n, -2*n + 562 = 3*z. List the prime factors of z.
2, 3, 31
Let n(p) = p**3 + 26*p**2 - 16*p + 39. Let c be n(-26). Suppose 0 = -4*f - 3*k + 395, 2*f + 3*f = 4*k + c. What are the prime factors of f?
5, 19
Let s(h) = h**2 + 13*h - 12. Let z be s(-14). Suppose 50 + 112 = z*i. List the prime factors of i.
3
Suppose 4*f + 561 = v - 726, 0 = f. List the prime factors of v.
3, 11, 13
Let o = -225 - -139. Let c = o + 107. What are the prime factors of c?
3, 7
Let l(n) = n**2 + n. Let q(b) = b**3 - 7*b**2 + b + 4. Let c be q(7). Let k = c + -6. What are the prime factors of l(k)?
2, 3, 5
Suppose 6*j - 47 = -5. Suppose j*u + 805 = 12*u. What are the prime factors of u?
7, 23
What are the prime factors of 1351 + -1 + 0/(-8)?
2, 3, 5
Let k = -54 + 93. Suppose 4*d - 8 = -y - k, -4*d = -4*y + 16. List the prime factors of d + 5 - (-33 - -1).
2, 3, 5
Let v(j) = 21*j + 17. Let h be v(-6). Let t = h - -204. List the prime factors of t.
5, 19
Suppose 94*f + 5032 = 96*f. List the prime factors of f.
2, 17, 37
Suppose -2*u = 403 - 2523. List the prime factors of u.
2, 5, 53
Let z(q) = -3*q**3 - q**2 + 2*q + 2. Let c = 6 - 8. Let r be z(c). Suppose 46 + r = 2*x. What are the prime factors of x?
2
Suppose 3*u = 9 + 3. Suppose -2*b + 4*b = u. Suppose 3*x + b = -3*y + 98, -5*y - 4*x + 157 = 0. List the prime factors of y.
29
Let i(d) = -d**3 - 9*d**2 - 10*d - 2. Let x be 0 + 0/(-1) + -28. Let l = x - -20. List the prime factors of i(l).
2, 7
Let g(o) = -o**3 - 5*o**2 + 17*o + 25. Let w be g(-7). Suppose a + 877 = w*c, 461 = 2*c - 2*a - 3*a. List the prime factors of c.
2, 109
What are the prime factors of 2157*(1 + 2)/((-27)/(-3))?
719
Let s(p) = -p**3 - 2*p**2 + 1. Let d be s(-1). Suppose d = 3*b + 108 + 216. What are the prime factors of (b/24)/(6/(-8))?
2, 3
Suppose 4*i - 158 = 5*s, -2*i + 113 - 37 = -s. Suppose -5*u + 18 + i = 0. Suppose -u = -3*c + 4. List the prime factors of c.
5
Let r be ((-2)/3)/((-2)/30). Let b(g) = g**2 - 10*g + 3. Let v be b(r). Suppose v*y + 3*w = 45, 4*w + 1 + 27 = 4*y. What are the prime factors of y?
11
Let c be ((-8)/3)/((-14)/21). Suppose c*t - 29 = a + 9, 0 = -a + t - 29. What are the prime factors of (-25)/(-5)*a/(-5)?
2, 13
Let o be (-3)/(-6)*-1*-24. Suppose -11*m + o = -7*m. Suppose -2*x + 217 = 3*x + d, 2*d = m*x - 125. List the prime factors of x.
43
Let z = -14 - -14. Suppose z = 3*y + 12*y - 2640. List the prime factors of y.
2, 11
Let y = 237 + -165. List the prime factors of y/5 - (-4)/(-10).
2, 7
Suppose 24 = b - 1. Suppose 0 = -0*i + 4*i - 4*y - 68, -i + b = -5*y. Suppose -3*g = -i, 0 = -3*f - f + 5*g + 31. What are the prime factors of f?
2, 7
Let w be (-35 + 34)/(0 - (-1)/(-2)). List the prime factors of ((-128)/48)/(w/(-129)).
2, 43
Suppose -2*d = o - 1 - 7, -4*d = -5*o - 16. Suppose 2*s - 45 = 5*k + 14, -d*s + 4*k + 124 = 0. What are the prime factors of s?
2
Let q(c) = -c - 16. Let g be q(-15). Let r be 3 - 1 - (-4 - g). Su